d39b
In base 5, what is -103 + 2042030132?
2042030024
In base 10, what is 4819838 + 34?
4819872
In base 8, what is -11 + -32700764?
-32700775
In base 9, what is 0 - -87766570?
87766570
In base 10, what is 10309263 - 3?
10309260
In base 2, what is 11010011110110101001 + 1011101011?
11010100000010010100
In base 16, what is 4a96 - 25d7?
24bf
In base 15, what is -61126 + 209?
-60e1c
In base 9, what is 30 + 8220517?
8220547
In base 14, what is -5da + -171a6?
-177a2
In base 3, what is 22122121020202 + -10?
22122121020122
In base 15, what is -416c + -11c?
-4289
In base 2, what is 11100001111101100011 + 10000000?
11100001111111100011
In base 7, what is 214 - 23422001?
-23421454
In base 16, what is 5 - -4bcb047?
4bcb04c
In base 5, what is 24441423414 - 10?
24441423404
In base 12, what is 1017 - -67ba?
7815
In base 5, what is -2 - 103333014?
-103333021
In base 14, what is 1d3b19 - 39?
1d3ac0
In base 11, what is -912 + 24a51?
2413a
In base 13, what is -b45 - -3b92?
304a
In base 6, what is -1 - 10104525122?
-10104525123
In base 15, what is -4e + d6b0?
d661
In base 9, what is 5 - 11711037?
-11711032
In base 10, what is -150 - -255101?
254951
In base 12, what is -237558 + b4?
-237464
In base 11, what is -2564482 + -20?
-25644a2
In base 2, what is 1001000110011 + -1011110000?
111101000011
In base 16, what is 19 + 165a910?
165a929
In base 7, what is 20466 - -43305?
64104
In base 3, what is -122221 + -1111100221112?
-1111101121110
In base 9, what is -66431053 - 0?
-66431053
In base 11, what is a93 - -5016?
5aa9
In base 5, what is 122121231221 + 1?
122121231222
In base 15, what is -53e9 + 10a2?
-4347
In base 2, what is 1011 + -101011110111101010000?
-101011110111101000101
In base 14, what is -7 - -c5b67a?
c5b673
In base 4, what is 231010 + 10131310?
11022320
In base 5, what is 112001220 + 240?
112002010
In base 13, what is 578 + -4848b?
-47c13
In base 12, what is 7b89337 + 1b?
7b89356
In base 9, what is -142463 + 1832?
-140531
In base 13, what is -14279 + 776?
-13803
In base 13, what is -24 + -35845?
-35869
In base 6, what is 1130540025 + 2?
1130540031
In base 14, what is -1cc31a2 + 5?
-1cc319b
In base 8, what is 144305503 - 1?
144305502
In base 2, what is -111010010111001100000 - -1111?
-111010010111001010001
In base 12, what is -56637a8 + 3?
-56637a5
In base 3, what is -10122012211111 - -122?
-10122012210212
In base 8, what is 42742031 - -3?
42742034
In base 13, what is b - 8114ba?
-8114ac
In base 12, what is 1b5227a5 + 2?
1b5227a7
In base 13, what is 22c500 + 3?
22c503
In base 6, what is 1014004323 - -44?
1014004411
In base 14, what is 94d1 - 1409?
80c6
In base 10, what is -552596 - -7?
-552589
In base 9, what is -871731 - -2514?
-868216
In base 12, what is 6569a2 - -6?
6569a8
In base 11, what is -58 - 280443?
-2804a0
In base 3, what is 12000112020 + -20112011?
11210000002
In base 15, what is 662ae6 - -1?
662ae7
In base 3, what is 102220022202202 + 20?
102220022202222
In base 14, what is 633229 + 1?
63322a
In base 10, what is -3 + -35899862?
-35899865
In base 12, what is -3 - 521b54?
-521b57
In base 3, what is 221010120202 - 102211?
221010010221
In base 11, what is 13022 + -39?
12a94
In base 10, what is -13247 - 7172?
-20419
In base 6, what is 532 - 22204?
-21232
In base 5, what is 131 + -12022311?
-12022130
In base 12, what is -5a1 + 124a78?
124497
In base 15, what is 4e + 4ee411?
4ee460
In base 14, what is 101373b - -2?
101373d
In base 13, what is 1c27 + -18746?
-1681c
In base 14, what is 686791 + 3?
686794
In base 11, what is -5949 + -a298?
-15136
In base 16, what is 31552c7 - 3?
31552c4
In base 5, what is -200033 + -2141?
-202224
In base 12, what is 43 - -71257b?
712602
In base 12, what is -73482 - 66?
-73528
In base 9, what is 1038723 - 66?
1038646
In base 4, what is 2101 - 232230123?
-232222022
In base 3, what is -122110 + -102002011?
-102201121
In base 5, what is -11200301 + -103?
-11200404
In base 8, what is -213312474 + -5?
-213312501
In base 13, what is -1089 - -63?
-1026
In base 12, what is -b3bb7 - 70?
-b4067
In base 4, what is 101221203 - 1102?
101220101
In base 8, what is -4 - -21112266?
21112262
In base 16, what is 4 + 2c5da6?
2c5daa
In base 6, what is -1031 + 15235200?
15234125
In base 10, what is 55004571 - 4?
55004567
In base 5, what is 213303144131 + 4?
213303144140
In base 11, what is -4 + -18111a4?
-18111a8
In base 16, what is 44a - 51c5?
-4d7b
In base 9, what is 2 + 34851738?
34851741
In base 12, what is -2410675 - 1?
-2410676
In base 15, what is 2670 + 173?
27e3
In base 14, what is 1619 - 190c?
-2d3
In base 12, what is -84b9452 - 4?
-84b9456
In base 9, what is 161133 + 374?
161517
In base 9, what is 324017 + 482?
324510
In base 13, what is 4 - -871aca?
871b01
In base 5, what is -43142331003 + 3?
-43142331000
In base 10, what is 2 - 14962937?
-14962935
In base 16, what is -26 + 1cff4?
1cfce
In base 13, what is -601b - -79a?
-5551
In base 4, what is 3110 - -10032311012?
10032320122
In base 15, what is 116bc8c1 - 3?
116bc8bd
In base 7, what is 126 - -1401331?
1401460
In base 5, what is 233203130 + 140?
233203320
In base 6, what is -1010013505 - 4?
-1010013513
In base 15, what is 2 - -77806d?
778070
In base 5, what is 131122233 + -42?
131122141
In base 2, what is 1100000000100 + 1010000001111111?
1011100010000011
In base 7, what is -2 + -1031320360?
-1031320362
In base 7, what is 21331455640 + 0?
21331455640
In base 2, what is 101 - 10011011100001000101100?
-10011011100001000100111
In base 6, what is -12050530045 - -5?
-12050530040
In base 8, what is 1427003 + 1267?
1430272
In base 3, what is 0 + 2220200011102121?
2220200011102121
In base 11, what is 4294 - aa7?
3298
In base 2, what is 11001101011111010 - 101111101?
11001100101111101
In base 10, what is -3868 - 27813?
-31681
In base 9, what is 3 + 134105172?
134105175
In base 13, what is 2728944 + 4?
2728948
In base 11, what is 31a25a64 + 5?
31a25a69
In base 5, what is -1310312210 - 4?
-1310312214
In base 2, what is -1101011001100010111 + 1010?
-1101011001100001101
In base 2, what is 100111000010000 + 11100?
100111000101100
In base 14, what is -4227593 + -1?
-4227594
In base 3, what is -2010200121210 + 1220?
-2010200112220
In base 12, what is 42 - 1b859?
-1b817
In base 3, what is 11222002110120101 + 12?
11222002110120120
In base 6, what is -13301211235 + -2?
-13301211241
In base 16, what is -9c0e464 - 4?
-9c0e468
In base 11, what is -4 - 144a194?
-144a198
In base 15, what is -220b6 - 1b?
-220d2
In base 5, what is -21413210 + 110?
-21413100
In base 13, what is -5 + -610991?
-610996
In base 10, what is 103352608 + -10?
103352598
In base 9, what is -3868086 - -208?
-3867777
In base 9, what is 373 - 100678?
-100305
In base 8, what is 24571662 + 1?
24571663
In base 16, what is -2 - 2fd8270?
-2fd8272
In base 8, what is -1 - -114451014?
114451013
In base 8, what is 2553342 - 1131?
2552211
In base 10, what is 1290517 + 5?
1290522
In base 3, what is -12211 + -21220111020002?
-21220111102220
In base 8, what is -1 + -215753414?
-215753415
In base 16, what is 3 - 3d08c6?
-3d08c3
In base 7, what is -114 - 1663336?
-1663453
In base 10, what is 4 + 127367334?
127367338
In base 12, what is -b + 210775?
210766
In base 15, what is b9 + -cb68?
-ca9e
In base 8, what is 42561 - 3442?
37117
In base 3, what is 1210210020222 + -1022?
1210210012200
In base 5, what is -1114 - 3310433?
-3312102
In base 10, what is -3 + 8056117?
8056114
In base 5, what is 110100111 - -244?
110100410
In base 15, what is -3e212 + 1b?
-3e1e6
In base 9, what is -53630 + -1111?
-54741
In base 6, what is 424 - -10034210?
10035034
In base 15, what is -5cb14e4 - 6?
-5cb14ea
In base 6, what is 32321454 - -13?
32321511
In base 5, what is -331324001103 + -3?
-331324001111
In base 15, what is 139482c - 5?
1394827
In base 6, what is -2231332 - 121?
-2231453
In base 5, what is 2241043033244 - -1?
2241043033300
In base 13, what is 3961 - 604?
335a
In base 14, what is -4dc + bbc?
6c0
In base 8, what is -27565 + -3276?
-33063
In base 12, what is -1624976 - 14?
-162498a
In base 3, what is 11 + -222212210212010212?
-222212210212010201
In base 9, what is -743444 - -262?
-743172
In base 12, what is 1728b37a + 1?
1728b37b
In base 8, what is 0 - 521405424?
-521405424
In base 15, what is 32130663 + 2?
32130665
In base 14, what is -5a5 - -2680c?
26247
I